 - 15. Give y(4).
225
Let y(z) = -z**3 - 76*z**2 + 493*z - 25. Give y(6).
-19
Let i(g) = -67*g**2 + 266*g + 3. Give i(4).
-5
Let n(t) = 5*t**2 - 40*t + 73. What is n(7)?
38
Let c(r) = 46*r**3 + 2*r**2 - 49*r - 102. What is c(-2)?
-364
Let n(w) = -11*w**3 - 2*w**2 + 12*w - 29. What is n(2)?
-101
Let n(u) = -5*u**2 + 930*u + 931. Calculate n(-1).
-4
Let w(y) = y**2 + 230*y + 2998. What is w(-14)?
-26
Let d(h) = 271*h - 1505. What is d(8)?
663
Let z(r) = 8*r**3 - 82*r**2 + 14*r + 13. Calculate z(10).
-47
Let j(v) = 3*v**2 + 48*v - 6. Give j(-19).
165
Let q(y) = -2*y**2 + 52*y + 25. What is q(27)?
-29
Let q(i) = 52*i**2 + 89*i + 11. Give q(0).
11
Let w(v) = 708*v - 711. Give w(1).
-3
Let a(b) = -215*b**2 + 17*b - 18. Determine a(1).
-216
Let r(j) = j**2 + 26*j - 466. What is r(-43)?
265
Let g(r) = 2*r**3 + 3*r**2 - 8*r + 20. Calculate g(2).
32
Let n(w) = -w**3 + 48*w**2 - 46*w - 27. Give n(47).
20
Let t(a) = 143*a + 2423. Give t(-17).
-8
Let y(a) = 31*a**2 + 179*a + 11. Calculate y(-6).
53
Let f(s) = 2*s**2 + 25*s + 14. Determine f(-10).
-36
Let y(n) = -n**2 + 39*n - 243. What is y(31)?
5
Let u(g) = -222*g + 883. What is u(7)?
-671
Let a(l) = 150*l - 301. Give a(2).
-1
Let f(t) = -4482*t - 13455. What is f(-3)?
-9
Let a(d) = 46*d - 177. Give a(2).
-85
Let r(d) = 2*d**2 - 21*d + 16. Give r(10).
6
Let l(g) = g**3 + 13*g**2 - 50*g - 35. Calculate l(-16).
-3
Let b(x) = -301*x - 472. Determine b(0).
-472
Let f(j) = -20*j - 966. What is f(-49)?
14
Let t(h) = 7*h**2 - 341*h + 247. What is t(48)?
7
Let d(k) = k + 6. What is d(-7)?
-1
Let f(c) = -4*c**3 - 67*c**2 + 258*c - 105. Give f(-20).
-65
Let o(k) = -k**3 - 30*k**2 - 13*k - 370. Calculate o(-30).
20
Let z(v) = v**3 - 67*v**2 - 2*v + 127. Give z(67).
-7
Let w(t) = -3*t**2 - 82*t - 104. Calculate w(-27).
-77
Let i(k) = -406*k - 8937. Determine i(-22).
-5
Let k(y) = -10*y + 77. Calculate k(9).
-13
Let t(n) = n**3 - 19*n**2 - 38*n - 71. Determine t(21).
13
Let i(p) = -84*p - 148. What is i(-3)?
104
Let d(l) = -2*l**2 - 10*l + 141. Give d(6).
9
Let h(j) = 302*j + 24200. Give h(-80).
40
Let l(t) = -4*t - 35. Calculate l(-7).
-7
Let l(y) = -5*y**2 + 28*y + 49. Give l(8).
-47
Let p(n) = -2*n**3 + 176*n**2 - 176*n + 173. What is p(87)?
-1
Let y(w) = 2*w**3 + 39*w**2 - 32*w - 242. Determine y(-20).
-2
Let b(f) = 2*f**3 - 10*f**2 - 220*f + 61. Calculate b(13).
-95
Let u(l) = 7*l**2 - 71*l + 29. What is u(10)?
19
Let t(k) = 61*k + 1797. Calculate t(-23).
394
Let t(d) = -d**2 - 34*d + 10. Determine t(-5).
155
Let s(n) = -117*n - 2768. What is s(-24)?
40
Let w(j) = -4*j**3 + 12*j**2 - 8*j + 15. Give w(3).
-9
Let t(a) = -62*a + 59. Calculate t(2).
-65
Let x(c) = 23*c**2 + 269*c - 25. Calculate x(-12).
59
Let t(g) = -8*g**2 + 41*g + 177. Give t(8).
-7
Let u(j) = -2*j**3 + j**2 + 59. What is u(0)?
59
Let w(c) = 3*c**2 - 371*c - 33. Calculate w(124).
91
Let s(k) = k**3 - 29*k**2 + 28*k - 167. Calculate s(28).
-167
Let t(f) = 2*f**3 - 48*f**2 + 53*f - 2560. What is t(25)?
15
Let p(n) = 23079*n + 138487. Give p(-6).
13
Let w(d) = -3*d**3 + 104*d**2 + 32*d + 104. Give w(35).
-1
Let a(p) = 12*p - 534. What is a(37)?
-90
Let b(a) = a**3 + 21*a**2 - 27*a + 22. Calculate b(-22).
132
Let x(w) = -114*w - 4233. What is x(-39)?
213
Let f(v) = -38*v**2 - 650*v - 14. Determine f(-17).
54
Let f(o) = -209*o - 13444. Calculate f(-64).
-68
Let z(a) = a**2 - 2*a - 2705. Determine z(-51).
-2
Let u(i) = 2*i**3 - 27*i**2 - 325*i + 187. Calculate u(21).
-23
Let l(b) = b**3 - 34*b**2 - 65. Determine l(34).
-65
Let o(x) = 2*x**2 + 2298*x - 6895. Give o(3).
17
Let p(a) = -2373*a - 35598. What is p(-15)?
-3
Let c(z) = 10*z - 28. Give c(3).
2
Let u(r) = -9957*r - 39829. Determine u(-4).
-1
Let w(a) = 2*a**3 + 144*a**2 - 307*a - 825. Give w(-74).
-11
Let w(p) = 2*p**2 + 137*p + 1947. Determine w(-20).
7
Let i(c) = -15*c**2 - 422*c + 80. What is i(-28)?
136
Let n(p) = -p**2 + 247*p - 4422. What is n(20)?
118
Let h(j) = 126*j - 105. Determine h(-4).
-609
Let b(f) = -f**2 + 667*f + 10918. Calculate b(-16).
-10
Let p(f) = f + 76. Give p(-75).
1
Let a(p) = -21*p**2 + 269*p + 50. Calculate a(13).
-2
Let l(n) = 2*n**3 + 34*n**2 + 5*n + 75. Give l(-17).
-10
Let s(v) = -2*v**3 + 45*v**2 + 126*v - 13. What is s(25)?
12
Let r(f) = -12897*f + 232126. What is r(18)?
-20
Let a(b) = 2*b**3 + 8*b**2 + 51*b + 12. Give a(-5).
-293
Let n(s) = -s**3 - 5*s**2 + 22*s - 59. Calculate n(-11).
425
Let d(l) = -7*l**3 + 47*l**2 - 17*l + 207. Give d(7).
-10
Let r(m) = -m**2 + 461*m - 3669. Calculate r(8).
-45
Let f(r) = -36*r**2 - 32*r + 74. Give f(4).
-630
Let j(d) = -2*d**3 - 197*d**2 + 296*d - 391. Determine j(-100).
9
Let q(m) = 1034*m - 6207. Calculate q(6).
-3
Let m(a) = -251*a + 292. What is m(1)?
41
Let r(c) = 3*c**3 + 33*c**2 + 90*c - 10. Give r(-10).
-610
Let j(g) = g**2 + 12*g + 12. Calculate j(-11).
1
Let p(r) = -12*r - 212. Determine p(10).
-332
Let b(z) = z**3 + 4*z**2 - 17*z - 14. What is b(-6)?
16
Let v(d) = 2*d**3 + d**2 - 673*d - 768. Determine v(-18).
6
Let o(z) = -z**3 - 12*z**2 - 40*z - 3. Give o(-6).
21
Let t(r) = r**3 - 3*r**2 - 5*r + 21. Calculate t(3).
6
Let l(n) = 8050*n + 169045. Give l(-21).
-5
Let k(c) = 32*c**2 - 154*c - 35. Determine k(5).
-5
Let t(w) = 3*w**2 + 22*w - 41. Calculate t(2).
15
Let f(s) = 35*s - 68. Give f(3).
37
Let w(y) = -2*y**3 - 95*y**2 - 896*y. Give w(-13).
-13
Let p(i) = 2*i**2 + 97*i + 528. Calculate p(-6).
18
Let n(f) = 818*f + 4070. Give n(-5).
-20
Let r(s) = -s**3 + 7*s**2 + 5*s - 32. What is r(6)?
34
Let o(i) = 961*i + 70. Calculate o(0).
70
Let o(c) = -c**2 - 54*c + 55. Calculate o(-55).
0
Let x(u) = 2*u**3 + 6*u**2 + 13*u + 13. Calculate x(-2).
-5
Let r(g) = -6*g**2 + 25*g - 2. What is r(6)?
-68
Let d(y) = -y**2 - 125*y - 3113. What is d(-90)?
37
Let a(i) = -829*i - 83730. Determine a(-101).
-1
Let r(h) = 48*h + 765. Determine r(-17).
-51
Let o(a) = 18*a**3 - 14*a**2 + 2*a - 14. Give o(4).
922
Let c(m) = 2*m**3 + 10*m**2 + 17*m + 3. Determine c(-8).
-517
Let i(v) = -3*v**2 + 20*v - 24. Calculate i(6).
-12
Let y(w) = -w**2 - 18*w - 200. Determine y(12).
-560
Let n(i) = 154*i + 573. Calculate n(-5).
-197
Let f(z) = -z**3 - 15*z**2 - 26*z + 17. Give f(-10).
-223
Let u(c) = -303*c - 2128. Calculate u(-7).
-7
Let f(w) = 2*w**2 + 108*w + 1325. What is f(-19)?
-5
Let k(n) = -9*n + 105. What is k(-6)?
159
Let x(i) = 59*i - 8. What is x(-7)?
-421
Let k(g) = -821*g - 17245. Give k(-21).
-4
Let p(n) = n**3 - 55*n**2 + 342*n + 79. Determine p(48).
367
Let a(w) = w**2 + 10*w + 25. Determine a(-13).
64
Let s(k) = k**2 + 4*k + 3. Give s(-6).
15
Let n(h) = -177*h**2 + 3188*h - 41. Determine n(18).
-5
Let o(f) = f**2 - 60*f - 262. Give o(64).
-6
Let c(s) = -2*s**3 + s**2 - s + 13. Determine c(5).
-217
Let d(a) = -35*a**2 - 838*a + 22. Determine d(-24).
-26
Let k(s) = 58*s**2 + 66*s - 14. Determine k(-4).
650
Let m(f) = 17*f - 585. Determine m(35).
10
Let n(p) = -11*p + 665. Determine n(59).
16
Let b(u) = -u**3 + 7*u**2 - 54*u - 16. Give b(7).
-394
Let i(h) = -h**3 - 87*h**2 - 259*h - 545. Determine i(-84).
43
Let z(m) = -81*m - 574. Determine z(-9).
155
Let a(b) = -b**3 + 45*b**2 - 2*b + 98. Calculate a(45).
8
Let c(n) = -n**3 - 38*n**2 - 326*n - 37. Determine c(-25).
-12
Let w(a) = -1070*a**2 + 10*a - 13. Give w(1).
-1073
Let s(n) = -28*n + 1898. Determine s(68).
-6
Let p(m) = 37*m**2 + 626*m - 43. Give p(-17).
8
Let t(z) = -119*z**3 + 61*z - 61. Calculate t(1).
-119
Let k(u) = 30*u - 1241. Calculate k(41).
-11
Let o(x) = x**2 - 303*x + 8429. Determine o(31).
-3
Let h(r) = 2*r**3 + 33*r**2 - 67*r - 29. Determine h(-18).
205
Let q(f) = -f**3 - 74*f**2 + 164*f + 408. Determine q(-76).
-504
Let z(p) = -26*p - 815. Give z(-32).
17
Let c(v) = -59*v + 5918. Determine c(100).
18
Let w(a) = -a**2 + 113*a + 338. Determine w(-3).
-10
Let k(f) = -29*f - 586. Determine k(-19).
-35
Let y(z) = z**2 + 1194*z - 4780. Calculate y(4).
12
Let l(b) = 3*b**3 - 38*b**2 - 13*b - 20. Determine l(13).
-20
Let m(g) = g**3 + 171*g**2 + 353*g + 2499. Give m(-169).
-36
Let x(i) = -372*i + 337. Calculate x(1).
-35
Let i(m) = -40*m + 190. Determine i(3).
70
Let f(y) = 71*y**2 - 133*y - 18. What is f(2)?
0
Let j(t) = t**2 - 49*t + 965. What is j(34)?
455
Let v(a) = -4*a**2 - 76*a - 373. Give v(-8).
-21
Let x(h) = 17*h**3 + 3*h**2 - 14*h - 22. Give x(-2).
-1